{"id":1293,"date":"2019-11-19T20:46:09","date_gmt":"2019-11-19T19:46:09","guid":{"rendered":"https:\/\/casaarte-lagos.com\/site\/policy\/"},"modified":"2021-05-24T22:50:12","modified_gmt":"2021-05-24T20:50:12","slug":"policy","status":"publish","type":"page","link":"https:\/\/casaarte-lagos.com\/site\/policy\/?lang=fr","title":{"rendered":"TERMS"},"content":{"rendered":"<p>[vc_row type=&#8221;vc_default&#8221; full_width=&#8221;stretch_row_content_no_spaces&#8221; css=&#8221;.vc_custom_1570907879570{background-color: #ffffff !important;}&#8221;][vc_column css=&#8221;.vc_custom_1570907887148{padding-top: 100px !important;padding-right: 40px !important;padding-left: 40px !important;background-color: #ffffff !important;}&#8221;]<div id=\"ultimate-heading-781769f516f286dab\" class=\"uvc-heading ult-adjust-bottom-margin ultimate-heading-781769f516f286dab uvc-7863 \" data-hspacer=\"line_only\"  data-halign=\"center\" style=\"text-align:center\"><div class=\"uvc-sub-heading ult-responsive\"  data-ultimate-target='.uvc-heading.ultimate-heading-781769f516f286dab .uvc-sub-heading '  data-responsive-json-new='{\"font-size\":\"desktop:30px;\",\"line-height\":\"\"}'  style=\"font-family:'Montserrat';font-weight:200;color:#212121;\"><\/p>\n<p style=\"text-align: center;\">REGLES DE LA MAISON<\/p>\n<p><\/div><div class=\"uvc-heading-spacer line_only\" style=\"margin-top:50px;margin-bottom:20px;height:3px;\"><span class=\"uvc-headings-line\" style=\"border-style:solid;border-bottom-width:3px;border-color:#1e73be;width:50px;\"><\/span><\/div><\/div>[vc_row_inner css=&#8221;.vc_custom_1570907926350{padding-right: 40px !important;padding-left: 40px !important;background-color: #ffffff !important;}&#8221;][vc_column_inner width=&#8221;1\/4&#8243;][\/vc_column_inner][vc_column_inner width=&#8221;1\/2&#8243; css=&#8221;.vc_custom_1570907913765{background-color: #ffffff !important;}&#8221;][vc_column_text]<\/p>\n<p style=\"text-align: center;\">Nous d\u00e9testons avoir \u00e0 \u00e9tablir des r\u00e8gles autant que vous d\u00e9testez devoir les suivre. Nous avons identifi\u00e9 les choses qui sont vraiment importantes pour nous, alors lisez-les et soyez respectueux de nos besoins afin que nous puissions \u00eatre d&#8217;excellents h\u00f4tes pour vous.<\/p>\n<p>&nbsp;<\/p>\n<p><strong>FONCTION :<\/strong> Casa Arte est une location de villa pour la famille ou un groupe d&#8217;amis s\u00e9journant ensemble &#8211; la tenue de f\u00eates et autres types d&#8217;\u00e9v\u00e9nements est interdite sans l&#8217;approbation pr\u00e9alable de votre h\u00f4te.<\/p>\n<p>&nbsp;<\/p>\n<p><strong>VISITEURS :<\/strong> la maison dispose de 6 chambres pouvant accueillir un maximum de 12 personnes. Le nombre de locataires ne peut d\u00e9passer ce nombre maximum sans l&#8217;accord expr\u00e8s du propri\u00e9taire.<\/p>\n<p>&nbsp;<\/p>\n<p><strong>ANIMAUX :<\/strong> d\u00e9sol\u00e9, Fido doit rester \u00e0 la maison! Pour le respect des autres h\u00f4tes et pour des r\u00e8gles d&#8217;hygi\u00e8ne communes, les animaux ne sont pas les bienvenus ni dans la maison ni dans le jardin.<\/p>\n<p>&nbsp;<\/p>\n<p><strong>D\u00c9CHETS :<\/strong> afin d&#8217;\u00e9viter d&#8217;attirer des invit\u00e9s ind\u00e9sirables, nous attendons de vous que vous fassiez au moins une corv\u00e9e pendant vos vacances: sortir les poubelles! Les poubelles publiques sont situ\u00e9es \u00e0 l&#8217;intersection avec la route principale de Lagos.<\/p>\n<p>&nbsp;<\/p>\n<p><strong>CL\u00c9S :<\/strong> nous vous recommandons de laisser les cl\u00e9s de la serrure \u00e0 l&#8217;ext\u00e9rieur de la pi\u00e8ce, afin d&#8217;\u00e9viter d&#8217;\u00eatre enferm\u00e9. M\u00eame si vous souhaitez revenir pour vos prochaines vacances, n&#8217;oubliez pas de rendre toutes les cl\u00e9s avant votre d\u00e9part.<\/p>\n<p>&nbsp;<\/p>\n<p><strong>S\u00c9CURIT\u00c9 :<\/strong> pour vous assurer que vos effets personnels sont en s\u00e9curit\u00e9, fermez toutes les fen\u00eatres et portes lorsque vous quittez la maison. Il y a un petit coffre-fort dans chaque chambre pour prot\u00e9ger l&#8217;essentiel. Veuillez vous assurer qu&#8217;aucun feu ou bougie n&#8217;est laiss\u00e9 sans surveillance &#8211; pour des raisons \u00e9videntes!<\/p>\n<p>&nbsp;<\/p>\n<p><strong>ENVIRONNEMENT<\/strong> : ne laissez pas les lumi\u00e8res allum\u00e9es lorsque vous allez \u00e0 la plage.<\/p>\n<p>&nbsp;<\/p>\n<p><strong>LAMPES EXT\u00c9RIEURES :<\/strong> les lumi\u00e8res ext\u00e9rieures s&#8217;allument automatiquement au coucher du soleil et s&#8217;\u00e9teignent lorsqu&#8217;il est l&#8217;heure d&#8217;aller se coucher! Vous n&#8217;avez pas \u00e0 vous en soucier.<\/p>\n<p>&nbsp;<\/p>\n<p><strong>EAU :<\/strong> il est d\u00e9conseill\u00e9 de boire de l&#8217;eau du robinet, en particulier pour les b\u00e9b\u00e9s et les enfants.<\/p>\n<p>&nbsp;<\/p>\n<p><strong>FUMEUR :<\/strong> pour toute mauvaise surprise, nous vous demandons de bien vouloir ne pas fumer \u00e0 l&#8217;int\u00e9rieur de la maison.<\/p>\n<p>&nbsp;<\/p>\n<p><strong>BARBECUE :<\/strong> \u00e9teignez le gaz lorsque vous ne l&#8217;utilisez pas et assurez-vous qu&#8217;il est bien propre apr\u00e8s utilisation pour ne pas cuire votre poisson frais avec la viande d&#8217;hier.<\/p>\n<p>&nbsp;<\/p>\n<p><strong>DOMMAGES ET CASSE<\/strong> : nous savons qu&#8217;un accident peut arrivers. Vous ne perdrez pas l&#8217;int\u00e9gralit\u00e9 de la caution pour une assiette cass\u00e9e (tout d\u00e9pend laquelle !), mais si quelque chose est cass\u00e9 ou d\u00e9fectueux, veuillez le remplacer ou le signaler.<\/p>\n<p>&nbsp;<\/p>\n<p><strong>PONCTUALITE<\/strong> : nous comptons sur vous pour respecter les heures d&#8217;arriv\u00e9e et de d\u00e9part convenue &#8211; comme vous, les h\u00f4tes avant vous ne veulent pas partir et les h\u00f4tes apr\u00e8s vous sont impatients d&#8217;arriver \u00e0 Casa Arte !<\/p>\n<p>&nbsp;<\/p>\n<p><strong>AJUSTEMENT DE LA TEMP\u00c9RATURE<\/strong> : si vous avez trop chaud ou froid, demandez-nous d&#8217;ajuster la temp\u00e9rature. Vous disposez d&#8217;un ventilateur Dyson (chaud et froid) dans votre chambre pour votre confort personnel.<\/p>\n<p>&nbsp;<\/p>\n<p><strong>DRAPS<\/strong> : les draps sont remplac\u00e9s chaque semaine (s\u00e9jour d&#8217;une semaine = pas de remplacement, s\u00e9jour de 14 jours = 1 remplacement). Si vous souhaitez un service de blanchisserie pour la literie pendant votre s\u00e9jour, veuillez le signaler \u00e0 l&#8217;avance. Nous demanderons un suppl\u00e9ment pour ce service.<\/p>\n<p>&nbsp;<\/p>\n<p><strong>SERVIETTES<\/strong> : merci de na pas utiliser les serviettes de bain \u00e0 la piscine ou \u00e0 la plage. Les serviettes mouill\u00e9es ou humides doivent \u00eatre apport\u00e9es \u00e0 la blanchisserie et non laiss\u00e9es sur les lits ou sur le sol ! Par personne et par s\u00e9jour nous donnons 1 grande serviette de bain, 1 serviette de bain moyenne, 1 petite serviette de bain et 1 serviette de piscine. Si vous souhaitez changer de serviettes pendant votre s\u00e9jour, veuillez nous en informer \u00e0 l&#8217;avance. Vous pouvez \u00e9galement utiliser la machine \u00e0 laver et le s\u00e8che-linge mis \u00e0 votre disposition.<\/p>\n<p>&nbsp;<\/p>\n<p><strong>RESPECT DES REGLES<\/strong> : en cas de non-conformit\u00e9, nous nous r\u00e9servons le droit de vous demander de partir imm\u00e9diatement (sans remboursement) et de garder la caution.<\/p>\n<p>&nbsp;<\/p>\n<p><strong>QUESTION OU ASSITANCE<\/strong> : n&#8217;h\u00e9sitez pas \u00e0 nous contacter si besoin, nous nous ferons un plaisir de vous renseigner.<\/p>\n<p>&nbsp;<\/p>\n<p><strong>D\u00c9PART<\/strong> : \u00e0 la fin de votre s\u00e9jour, veuillez vous assurer que la maison est dans le m\u00eame \u00e9tat que vous l&#8217;avez trouv\u00e9e \u00e0 votre arriv\u00e9e &#8211; en particulier, la cuisine doit \u00eatre laiss\u00e9e propre et rang\u00e9e, la vaisselle et les verres nettoy\u00e9s et rang\u00e9s, les poubelles vid\u00e9es, les aliments p\u00e9rissables jet\u00e9s &#8211; sinon nous devrons facturer des frais de nettoyage suppl\u00e9mentaires.<\/p>\n<p>&nbsp;<\/p>\n<p>&nbsp;<\/p>\n<p style=\"text-align: center;\">Pour r\u00e9sumer : <strong>faites de cette maison votre maison\u00a0<\/strong><\/p>\n<p>[\/vc_column_text][\/vc_column_inner][vc_column_inner width=&#8221;1\/4&#8243;][\/vc_column_inner][\/vc_row_inner][\/vc_column][\/vc_row]<\/p>\n","protected":false},"excerpt":{"rendered":"<p>[vc_row type=&#8221;vc_default&#8221; full_width=&#8221;stretch_row_content_no_spaces&#8221; css=&#8221;.vc_custom_1570907879570{background-color: #ffffff !important;}&#8221;][vc_column css=&#8221;.vc_custom_1570907887148{padding-top: 100px !important;padding-right: 40px !important;padding-left: 40px !important;background-color: #ffffff !important;}&#8221;][vc_row_inner css=&#8221;.vc_custom_1570907926350{padding-right: 40px !important;padding-left: 40px !important;background-color: #ffffff !important;}&#8221;][vc_column_inner width=&#8221;1\/4&#8243;][\/vc_column_inner][vc_column_inner width=&#8221;1\/2&#8243; css=&#8221;.vc_custom_1570907913765{background-color: #ffffff !important;}&#8221;][vc_column_text] Nous d\u00e9testons avoir \u00e0 \u00e9tablir des r\u00e8gles autant que vous d\u00e9testez devoir les suivre. Nous avons identifi\u00e9 les choses qui sont vraiment importantes pour nous, alors lisez-les et&hellip;<\/p>\n","protected":false},"author":1,"featured_media":0,"parent":0,"menu_order":0,"comment_status":"closed","ping_status":"closed","template":"","meta":[],"class_list":["post-1293","page","type-page","status-publish","hentry","description-off"],"yoast_head":"<!-- This site is optimized with the Yoast SEO plugin v19.1 - https:\/\/yoast.com\/wordpress\/plugins\/seo\/ -->\n<title>TERMS - CASA ARTE LAGOS<\/title>\n<meta name=\"robots\" content=\"index, follow, max-snippet:-1, max-image-preview:large, max-video-preview:-1\" \/>\n<link rel=\"canonical\" href=\"https:\/\/casaarte-lagos.com\/site\/policy\/\" \/>\n<meta property=\"og:locale\" content=\"en_US\" \/>\n<meta property=\"og:type\" content=\"article\" \/>\n<meta property=\"og:title\" content=\"TERMS - CASA ARTE LAGOS\" \/>\n<meta property=\"og:description\" content=\"[vc_row type=&#8221;vc_default&#8221; full_width=&#8221;stretch_row_content_no_spaces&#8221; css=&#8221;.vc_custom_1570907879570{background-color: #ffffff !important;}&#8221;][vc_column css=&#8221;.vc_custom_1570907887148{padding-top: 100px !important;padding-right: 40px !important;padding-left: 40px !important;background-color: #ffffff !important;}&#8221;][vc_row_inner css=&#8221;.vc_custom_1570907926350{padding-right: 40px !important;padding-left: 40px !important;background-color: #ffffff !important;}&#8221;][vc_column_inner width=&#8221;1\/4&#8243;][\/vc_column_inner][vc_column_inner width=&#8221;1\/2&#8243; css=&#8221;.vc_custom_1570907913765{background-color: #ffffff !important;}&#8221;][vc_column_text] Nous d\u00e9testons avoir \u00e0 \u00e9tablir des r\u00e8gles autant que vous d\u00e9testez devoir les suivre. Nous avons identifi\u00e9 les choses qui sont vraiment importantes pour nous, alors lisez-les et&hellip;\" \/>\n<meta property=\"og:url\" content=\"https:\/\/casaarte-lagos.com\/site\/policy\/?lang=fr\" \/>\n<meta property=\"og:site_name\" content=\"CASA ARTE LAGOS\" \/>\n<meta property=\"article:modified_time\" content=\"2021-05-24T20:50:12+00:00\" \/>\n<meta name=\"twitter:card\" content=\"summary_large_image\" \/>\n<meta name=\"twitter:label1\" content=\"Est. reading time\" \/>\n\t<meta name=\"twitter:data1\" content=\"5 minutes\" \/>\n<script type=\"application\/ld+json\" class=\"yoast-schema-graph\">{\"@context\":\"https:\/\/schema.org\",\"@graph\":[{\"@type\":\"WebSite\",\"@id\":\"https:\/\/casaarte-lagos.com\/site\/#website\",\"url\":\"https:\/\/casaarte-lagos.com\/site\/\",\"name\":\"CASA ARTE LAGOS\",\"description\":\"CASA ARTE - stunning villa for sunny holidays\",\"potentialAction\":[{\"@type\":\"SearchAction\",\"target\":{\"@type\":\"EntryPoint\",\"urlTemplate\":\"https:\/\/casaarte-lagos.com\/site\/?s={search_term_string}\"},\"query-input\":\"required name=search_term_string\"}],\"inLanguage\":\"en-US\"},{\"@type\":\"WebPage\",\"@id\":\"https:\/\/casaarte-lagos.com\/site\/policy\/?lang=fr#webpage\",\"url\":\"https:\/\/casaarte-lagos.com\/site\/policy\/?lang=fr\",\"name\":\"TERMS - CASA ARTE LAGOS\",\"isPartOf\":{\"@id\":\"https:\/\/casaarte-lagos.com\/site\/#website\"},\"datePublished\":\"2019-11-19T19:46:09+00:00\",\"dateModified\":\"2021-05-24T20:50:12+00:00\",\"breadcrumb\":{\"@id\":\"https:\/\/casaarte-lagos.com\/site\/policy\/?lang=fr#breadcrumb\"},\"inLanguage\":\"en-US\",\"potentialAction\":[{\"@type\":\"ReadAction\",\"target\":[\"https:\/\/casaarte-lagos.com\/site\/policy\/?lang=fr\"]}]},{\"@type\":\"BreadcrumbList\",\"@id\":\"https:\/\/casaarte-lagos.com\/site\/policy\/?lang=fr#breadcrumb\",\"itemListElement\":[{\"@type\":\"ListItem\",\"position\":1,\"name\":\"Accueil\",\"item\":\"https:\/\/casaarte-lagos.com\/site\/\"},{\"@type\":\"ListItem\",\"position\":2,\"name\":\"TERMS\"}]}]}<\/script>\n<!-- \/ Yoast SEO plugin. -->","yoast_head_json":{"title":"TERMS - CASA ARTE LAGOS","robots":{"index":"index","follow":"follow","max-snippet":"max-snippet:-1","max-image-preview":"max-image-preview:large","max-video-preview":"max-video-preview:-1"},"canonical":"https:\/\/casaarte-lagos.com\/site\/policy\/","og_locale":"en_US","og_type":"article","og_title":"TERMS - CASA ARTE LAGOS","og_description":"[vc_row type=&#8221;vc_default&#8221; full_width=&#8221;stretch_row_content_no_spaces&#8221; css=&#8221;.vc_custom_1570907879570{background-color: #ffffff !important;}&#8221;][vc_column css=&#8221;.vc_custom_1570907887148{padding-top: 100px !important;padding-right: 40px !important;padding-left: 40px !important;background-color: #ffffff !important;}&#8221;][vc_row_inner css=&#8221;.vc_custom_1570907926350{padding-right: 40px !important;padding-left: 40px !important;background-color: #ffffff !important;}&#8221;][vc_column_inner width=&#8221;1\/4&#8243;][\/vc_column_inner][vc_column_inner width=&#8221;1\/2&#8243; css=&#8221;.vc_custom_1570907913765{background-color: #ffffff !important;}&#8221;][vc_column_text] Nous d\u00e9testons avoir \u00e0 \u00e9tablir des r\u00e8gles autant que vous d\u00e9testez devoir les suivre. Nous avons identifi\u00e9 les choses qui sont vraiment importantes pour nous, alors lisez-les et&hellip;","og_url":"https:\/\/casaarte-lagos.com\/site\/policy\/?lang=fr","og_site_name":"CASA ARTE LAGOS","article_modified_time":"2021-05-24T20:50:12+00:00","twitter_card":"summary_large_image","twitter_misc":{"Est. reading time":"5 minutes"},"schema":{"@context":"https:\/\/schema.org","@graph":[{"@type":"WebSite","@id":"https:\/\/casaarte-lagos.com\/site\/#website","url":"https:\/\/casaarte-lagos.com\/site\/","name":"CASA ARTE LAGOS","description":"CASA ARTE - stunning villa for sunny holidays","potentialAction":[{"@type":"SearchAction","target":{"@type":"EntryPoint","urlTemplate":"https:\/\/casaarte-lagos.com\/site\/?s={search_term_string}"},"query-input":"required name=search_term_string"}],"inLanguage":"en-US"},{"@type":"WebPage","@id":"https:\/\/casaarte-lagos.com\/site\/policy\/?lang=fr#webpage","url":"https:\/\/casaarte-lagos.com\/site\/policy\/?lang=fr","name":"TERMS - CASA ARTE LAGOS","isPartOf":{"@id":"https:\/\/casaarte-lagos.com\/site\/#website"},"datePublished":"2019-11-19T19:46:09+00:00","dateModified":"2021-05-24T20:50:12+00:00","breadcrumb":{"@id":"https:\/\/casaarte-lagos.com\/site\/policy\/?lang=fr#breadcrumb"},"inLanguage":"en-US","potentialAction":[{"@type":"ReadAction","target":["https:\/\/casaarte-lagos.com\/site\/policy\/?lang=fr"]}]},{"@type":"BreadcrumbList","@id":"https:\/\/casaarte-lagos.com\/site\/policy\/?lang=fr#breadcrumb","itemListElement":[{"@type":"ListItem","position":1,"name":"Accueil","item":"https:\/\/casaarte-lagos.com\/site\/"},{"@type":"ListItem","position":2,"name":"TERMS"}]}]}},"_links":{"self":[{"href":"https:\/\/casaarte-lagos.com\/site\/wp-json\/wp\/v2\/pages\/1293","targetHints":{"allow":["GET"]}}],"collection":[{"href":"https:\/\/casaarte-lagos.com\/site\/wp-json\/wp\/v2\/pages"}],"about":[{"href":"https:\/\/casaarte-lagos.com\/site\/wp-json\/wp\/v2\/types\/page"}],"author":[{"embeddable":true,"href":"https:\/\/casaarte-lagos.com\/site\/wp-json\/wp\/v2\/users\/1"}],"replies":[{"embeddable":true,"href":"https:\/\/casaarte-lagos.com\/site\/wp-json\/wp\/v2\/comments?post=1293"}],"version-history":[{"count":11,"href":"https:\/\/casaarte-lagos.com\/site\/wp-json\/wp\/v2\/pages\/1293\/revisions"}],"predecessor-version":[{"id":1470,"href":"https:\/\/casaarte-lagos.com\/site\/wp-json\/wp\/v2\/pages\/1293\/revisions\/1470"}],"wp:attachment":[{"href":"https:\/\/casaarte-lagos.com\/site\/wp-json\/wp\/v2\/media?parent=1293"}],"curies":[{"name":"wp","href":"https:\/\/api.w.org\/{rel}","templated":true}]}}